2. Does 4 divide f/(3/(-6)*1)?
True
Let i(c) = 1 - c**2 - c - c**3 + 3 + 0. Let u(b) = -2*b - 14. Let n be u(-7). Is 3 a factor of i(n)?
False
Let k(c) = -6*c + 3. Is k(-4) a multiple of 3?
True
Suppose 0 = 2*h - 21 - 7. Let v = h - 4. Suppose 0 = -g - 0*g + v. Is 4 a factor of g?
False
Let j(y) = y**3 - 3*y**2 + 4*y + 5. Suppose -5*x - 10 = -0*x. Let f be (-2)/x*(-12)/(-3). Is j(f) a multiple of 12?
False
Suppose 3 = -d - 0. Let m(h) = -12*h - 3. Is m(d) a multiple of 11?
True
Let o = -49 + 52. Is 3 a factor of o?
True
Let h = 30 + -6. Let s be (-2)/3*h*8. Does 5 divide s/(-12) - 4/6?
True
Let m = -67 - -123. Does 11 divide m?
False
Let n be (-2)/(-7) + 198/42. Let b be 822/6 - (0 + -1). Suppose 2*c - n*c + b = 0. Is 17 a factor of c?
False
Let v = 351 + -78. Is v a multiple of 13?
True
Let y be 2/(-4)*(1 + 1). Let g be (1 - 0)/y - 21. Let p = g - -57. Does 13 divide p?
False
Suppose 0*p = 3*p - 96. Suppose 3*d - p = d. Is d a multiple of 14?
False
Let u(x) = 2*x**3 - 7*x + 5. Let j be u(4). Let d = j + 0. Suppose -5*z + a + 42 = -3*z, -a = 5*z - d. Is z a multiple of 18?
False
Is (198/24)/(3/36) a multiple of 15?
False
Suppose 2*q = -4*o + 724, o + 6*q - q = 172. Suppose o + 52 = 3*j. Is j a multiple of 19?
False
Let p = 145 + -96. Suppose p - 149 = -5*q. Does 10 divide q?
True
Suppose 3*p = 3*j + 30, -5*p - 17 = -2*j - 76. Is p a multiple of 6?
False
Suppose 3*t - 9 = 63. Let p = t - 10. Is p a multiple of 14?
True
Suppose 0 = -0*a - 4*a + 232. Suppose 0 = -2*s + 4*h + 24, 0 = 3*s + h + 4*h - a. Is s a multiple of 8?
True
Does 17 divide (535/(-20) - 3)/(1/(-4))?
True
Suppose 5*x + 5*b - 189 = x, -x + 42 = 3*b. Does 9 divide x?
False
Let p(u) be the first derivative of u**2 - 9*u - 3. Suppose i = -k + 3, 3*i + 5*k - 13 = 3*k. Does 5 divide p(i)?
True
Let z = 0 - -1. Suppose 19 - z = -2*y. Is (-160)/(-6) + 6/y a multiple of 12?
False
Let c(g) = -2*g + 34. Is 4 a factor of c(-19)?
True
Let b = -1 - -4. Suppose -b*m + 4 - 62 = -4*l, 6 = -3*m. Is l a multiple of 13?
True
Let p = 18 - 13. Suppose 5*c - p = 5. Suppose -5 - 83 = -c*n. Is n a multiple of 15?
False
Suppose 0 = 5*j + 4*z - 21 + 2, -2*z + 27 = 5*j. Is 4 a factor of j?
False
Suppose -5*l - 2*c = -4*l + 44, 2*c - 118 = 2*l. Let a = 152 - 72. Let i = l + a. Does 13 divide i?
True
Let y(c) = c**3 + c - 4. Let k be y(5). Let q be ((-6)/9)/(3/k). Let p = 39 + q. Is p a multiple of 5?
False
Let s(n) = 11*n + 2. Let o be s(2). Suppose -2*d = -0*d + 4*z + o, 4*d + 36 = -5*z. Is d/(-14) + (-309)/(-21) a multiple of 13?
False
Suppose 3*c + 4*y = -1, 2*c - 3 = 4*c + 5*y. Let s be ((-4)/(-2))/2*c. Does 17 divide s - -27 - (2 + -3)?
False
Suppose -4*s + 47 = 2*j - 3*s, 5*j - s = 100. Does 7 divide j?
True
Suppose -d + 504 = d. Suppose d = 4*w - w. Is w a multiple of 28?
True
Suppose t - 88 = -4*l, 4*t + 5 = -0*l + l. Does 7 divide l?
True
Let c = -9 - -7. Is 10 a factor of (16/c)/(6/(-24))?
False
Does 30 divide -6*(-4 - 104/3)?
False
Suppose 13*c - 14 = 6*c. Is (378/(-6))/((-3)/c) a multiple of 14?
True
Let y(d) = -d**3 - 11*d**2 - 10*d + 12. Is 8 a factor of y(-10)?
False
Suppose 2*d - 17 = -3*v + 3*d, -2*d = -2. Let p = 4 - 1. Suppose 2*k - p*k = -v. Is k a multiple of 6?
True
Let m(d) = -2*d**2 + 3*d - 1. Let q be m(2). Let p be 2*(45/6)/q. Let i = p + 8. Does 2 divide i?
False
Let v = 18 + -8. Suppose 0 = -x + 3*x - v. Is 2 a factor of x?
False
Suppose -47*h = -44*h - 129. Does 34 divide h?
False
Let g be ((-4)/(-2))/(1 - 3). Let f be (g/(-2))/(2/(-16)). Is 12 a factor of (-2 + 3)/(f/(-136))?
False
Let a(i) = i**3 + i**2 + 2*i - 3. Let r be a(-4). Let p = 4 - r. Is 21 a factor of p?
True
Suppose -5*c = r - 31, 4*r + 0*c - 5*c = -1. Is r a multiple of 5?
False
Suppose 980 = j + 4*j. Suppose 0 = -k + 2*k - j. Suppose -k = -3*z - 52. Is z a multiple of 24?
True
Suppose -3 = 2*y - 143. Let r = -41 + y. Does 9 divide r?
False
Let j(d) be the second derivative of d**5/20 + d**4/2 + 3*d**2/2 + 2*d. Let f be (1 - 0)/(1/(-6)). Does 2 divide j(f)?
False
Let g(z) = 11*z**2 - 2*z - 2. Let h be g(6). Let p be h/8 - (-2)/8. Suppose -i - p = -4*i. Is i a multiple of 16?
True
Let b(y) = -y**2 - 5*y - 2. Let x be b(-3). Let p = x - 1. Suppose 0 = 5*q - 12 - p. Is 2 a factor of q?
False
Suppose -4*s + 592 = 20. Is s a multiple of 11?
True
Let i(j) be the first derivative of -j**4/4 + 2*j**3 - 3*j**2/2 - 7*j - 1. Is i(5) a multiple of 2?
False
Suppose 2*l = 11 - 1. Suppose -5*s = 4*u + 40, -l*u - 12 = 3*s + 25. Let r = -1 - u. Is 2 a factor of r?
True
Suppose -2*v - h = -131, 4*v = v - 2*h + 199. Let o = v - 33. Suppose 2*g + 55 = 5*d, 0 = 5*d - 4*g - o - 15. Does 13 divide d?
True
Let w be -14 - -18 - (-2)/2. Let a be (6/4)/((-6)/(-16)). Suppose y + 4 - 11 = -a*v, 0 = -3*v - y + w. Is 2 a factor of v?
True
Let i(r) = r**3 - 3*r**2 + 5*r + 2. Let n = 10 - 6. Is i(n) a multiple of 7?
False
Let q be (-1)/(1/19) - 2. Let o(h) = 3*h + 3. Let w be o(12). Let k = w + q. Is k a multiple of 9?
True
Let o be ((-84)/(-48))/(1/8). Let c = o + -6. Is c a multiple of 2?
True
Suppose -1 = -5*q + 54. Suppose -38 = -5*t + 4*i, i = -5*t + q + 17. Does 12 divide ((-8)/(-2))/(1/t)?
True
Does 14 divide -3 - 8*76/(-8)?
False
Suppose 3*s + 2*s = 15. Let w = -37 + 56. Suppose 26 = s*k - w. Is k a multiple of 12?
False
Is (-99)/(-18)*(1 + 1) a multiple of 11?
True
Suppose 0*f + 36 = 2*f. Is f a multiple of 8?
False
Let p be 30/4*(-1 + 7). Let i = 65 - p. Let z = -13 + i. Is 7 a factor of z?
True
Suppose 0 = -3*f - 9*a + 4*a + 1223, f + 4*a - 396 = 0. Is f a multiple of 16?
True
Let d = 12 - -4. Is 16 a factor of d?
True
Let l(j) be the second derivative of -j**4/12 + 11*j**3/6 - 6*j**2 - j. Let p(k) = 8*k**2 - k + 1. Let r be p(1). Is l(r) a multiple of 12?
True
Is ((-3108)/(-105))/(2/5) a multiple of 11?
False
Suppose -6*k = -5*k - 112. Does 28 divide k?
True
Let s(a) = 12*a**3 + a**2 - 1. Let v be s(1). Let q(f) = 7*f**3 - 3*f + 2. Let o be q(1). Is (-306)/v*(-4)/o a multiple of 15?
False
Let n = -58 + 220. Does 40 divide n?
False
Let n be (-2 + 1 - -3)*1. Suppose -n*v + 48 = -v. Let d = v - 23. Does 15 divide d?
False
Let a(c) = -c**2 + 8*c - 6. Let j be a(6). Is 250/j - (-14)/(-21) a multiple of 12?
False
Suppose -360 - 275 = -5*p. Let x = p - 65. Does 30 divide x?
False
Suppose 48 = 3*r + r - 2*v, r - 3*v = 12. Let x = r + -7. Does 16 divide x/(3/(-36)*-2)?
False
Let v(u) = u**2 - 3*u - 4. Let z be v(3). Is 3 a factor of (z/3)/((-8)/36)?
True
Suppose 0 = 21*j - 25*j + 160. Does 32 divide j?
False
Suppose 0 = -v + p, -9 = -5*v + v + p. Suppose 7 = 2*w - v. Suppose -w*n + 25 = -0*n. Is n a multiple of 3?
False
Is 13 a factor of 4/(20/795)*1/1?
False
Let j(m) = m**3 + 6*m**2 - 8*m + 4. Let o be j(-6). Suppose 2*s + 2*s = o. Does 6 divide s?
False
Suppose -110 - 160 = -5*f. Is f a multiple of 15?
False
Suppose 5*k = 25, -115 = -8*l + 5*l - 5*k. Suppose 5*b - 108 = b + 4*n, -2*b = 4*n - l. Is b a multiple of 18?
False
Suppose x - 513 = -3*a - 32, -4*x = 5*a - 790. Is 9 a factor of a?
True
Let a = 83 + -36. Suppose -a = -4*c + 81. Does 12 divide c?
False
Suppose 0*k + 6 = k. Let z = -6 + k. Suppose 2*f - 5 + 1 = z. Does 2 divide f?
True
Let n = -9 + 3. Let i be 1 + 0 - n*3. Suppose 3*j + i = 91. Does 12 divide j?
True
Suppose -f = 4*m - 169, 0*m - 174 = -4*m - 2*f. Is m a multiple of 41?
True
Let k = -6 + 51. Is k a multiple of 7?
False
Suppose 0 = 7*p + 3*p - 1640. Does 54 divide p?
False
Let k(h) be the first derivative of h**7/840 - h**6/36 - h**5/10 + 5*h**4/8 + 4*h**3/3 - 3. Let b(a) be the third derivative of k(a). Is 4 a factor of b(11)?
True
Suppose -3*d + 15 = -0*d. Suppose -k + 1 = d. Let w = 1 - k. Is 4 a factor of w?
False
Suppose 0 = -q + 3*c + 234, q - 5*c - 272 = -28. Suppose -3*w - q = -6*w. Is w a multiple of 15?
False
Suppose 36 = -28*s + 31*s. Is 7 a factor of s?
False
Suppose -2*c - 5*j = 0, 0 = 5*c - 2*j + 6*j - 17. Suppose 0 = -a - 4, -c*n + 5*a = -125. Is 16 a factor of n?
False
Suppose 2*q - 3 = 7. Does 3 divide q?
False
Let r = -25 - -53. Is r a multiple of 14?
True
Let y = -12 + 21. Let l = -5 + y. Let t = l - -12. Does 8 divide t?
True
Let o = 9 - 39. Let m = -16 - o. Does 7 divide m?
True
Let m(o) = 17*o - 39. Is m(9) a multiple of 22?
False
Let n(v) = v**2 + 6*v - 7. Let u be n(-7). Let o(c) = c**2 - c + 